 is t(6)?
23
Let z(o) = -2*o**3 - 13*o**2 - 13*o + 10. Calculate z(-5).
0
Let v(d) = 3*d - 31. Give v(11).
2
Let m(g) = -5*g - 57. Give m(-11).
-2
Let q(j) = 7*j - 9. Give q(2).
5
Let k(z) = z**3 + 9*z**2 - 35*z + 5. Give k(-12).
-7
Let g(t) = -t**3 - 5*t**2 + 8*t. Determine g(4).
-112
Let u(q) = -q - 13. Give u(-25).
12
Let y(l) = -l**3 + 8*l**2 - 10. Calculate y(7).
39
Let i(p) = -2*p**3 - 2*p**2 - 3*p - 5. Determine i(-2).
9
Let w(d) = -d + 9. Calculate w(6).
3
Let p(z) = z**3 - 7*z**2 + z - 11. Give p(7).
-4
Let k(z) = 2*z**3 - 2*z**2 - 7*z - 7. What is k(3)?
8
Let n(m) = m**3 + 15*m**2 - 19*m - 46. Give n(-16).
2
Let d(x) = -11*x**3 + x**2 + 2*x + 1. Calculate d(-1).
11
Let h(k) = k**3 + 11*k**2 - k - 15. Determine h(-11).
-4
Let g(x) = -x**3 + 11*x**2 - 2. Calculate g(10).
98
Let w(p) = p**2 + 16*p + 27. What is w(-13)?
-12
Let n(r) = -r**3 + r**2 - r - 2. Calculate n(0).
-2
Let b(a) = -6*a**3 - 3*a**2 - 5. Calculate b(-2).
31
Let x(d) = 3*d - 38. What is x(13)?
1
Let a(s) = -2*s**2 - 15. Give a(0).
-15
Let s(i) = -i**3 - i**2 + 13*i - 10. Give s(6).
-184
Let b(f) = f + 2. Determine b(0).
2
Let u(f) = -f - 26. Calculate u(-16).
-10
Let v(j) = 23*j**2 + 93*j + 10. Give v(-4).
6
Let v(p) = -p**3 + 16*p**2 + 18*p + 36. Calculate v(17).
53
Let m(j) = -6*j**2 + 12*j + 34. Give m(-3).
-56
Let m(s) = -s**3 + 8*s**2 - 4*s + 10. Give m(8).
-22
Let h(b) = -b**3 + 6*b**2 - 7*b - 8. What is h(6)?
-50
Let a(p) = -19*p - 236. Calculate a(-12).
-8
Let k(z) = z**3 - 13*z**2 + 11*z + 6. Calculate k(12).
-6
Let u(y) = y**2 - 11*y + 22. Determine u(5).
-8
Let k(j) = 33*j + 320. What is k(-10)?
-10
Let d(j) = -j - 7. Determine d(-4).
-3
Let i(c) = c**3 + 14*c**2 + 11*c - 1. What is i(-13)?
25
Let f(h) = h**2 - 9*h - 15. Give f(11).
7
Let a(c) = c**2 - 10*c + 5. Calculate a(6).
-19
Let b(x) = -x**3 - 12*x**2 + 12*x + 8. Determine b(-13).
21
Let u(f) = -f**3 - 12*f**2 - 6*f + 11. Give u(-12).
83
Let g(c) = c**2 + 5*c + 3. What is g(-2)?
-3
Let p(f) = -f - 11. Calculate p(-10).
-1
Let g(t) = 24*t + 214. Determine g(-9).
-2
Let g(p) = -20*p + 244. Determine g(12).
4
Let u(d) = d**2 + 2*d. Calculate u(-3).
3
Let p(k) = -k - 9. Calculate p(-16).
7
Let r(v) = v**2 - 9*v + 7. Give r(10).
17
Let w(n) = -n + 6. Determine w(4).
2
Let w(z) = -2*z**3 + z**2 + 147. What is w(0)?
147
Let z(y) = -y**2 + 7*y - 7. Determine z(7).
-7
Let r(k) = -5*k - 17. What is r(-3)?
-2
Let t(k) = -k**3 - 2*k**2 + 6*k + 1. Determine t(2).
-3
Let a(q) = 86*q - 1. Calculate a(1).
85
Let j(k) = 10*k + 15. Calculate j(-7).
-55
Let b(p) = p**3 - 5*p**2 + 8. Give b(6).
44
Let p(k) = k**2 - 2*k - 2. Calculate p(-3).
13
Let l(o) = -o**3 + 7*o**2 + o - 7. Determine l(7).
0
Let t(y) = y**2 + 24*y + 43. Determine t(-22).
-1
Let z(m) = 10*m**3 - 2*m + 1. Calculate z(1).
9
Let f(r) = r**3 - 8*r**2 + 4*r - 8. Give f(8).
24
Let v(b) = -b**2 + 39*b - 376. What is v(18)?
2
Let r(b) = -b**3 - 7*b**2 - 9. Determine r(-7).
-9
Let y(s) = -s**2 + 12*s - 14. What is y(11)?
-3
Let l(h) = -h**3 + 15*h**2 - h + 12. Calculate l(15).
-3
Let p(t) = -t**2 - 4*t + 5. Calculate p(-4).
5
Let g(u) = -13*u - 51. What is g(-6)?
27
Let x(n) = -n**2 + 5*n + 5. Calculate x(4).
9
Let q(z) = z + 31. What is q(-12)?
19
Let y(t) = t**2 + 10*t - 82. What is y(-15)?
-7
Let i(s) = s - 4. Determine i(0).
-4
Let f(b) = -b**3 + 6*b**2 - 4*b + 4. Calculate f(5).
9
Let q(g) = 27*g**2 - 31*g + 32. What is q(1)?
28
Let z(s) = -79*s + 463. What is z(6)?
-11
Let c(p) = -7*p + 28. Give c(5).
-7
Let n(v) = -4*v**2 + 2*v - 3. Calculate n(2).
-15
Let u(p) = p**3 - 6*p**2 + 6*p + 2. What is u(3)?
-7
Let c(q) = 176*q**2 - 2*q - 1. Determine c(-1).
177
Let u(w) = 31*w + 307. Calculate u(-10).
-3
Let v(y) = 3*y + 2. What is v(1)?
5
Let k(q) = -q**3 + 3*q**2 + 5*q + 23. Determine k(5).
-2
Let a(t) = 51*t + 2. Give a(1).
53
Let h(i) = 12*i + 3. Calculate h(-2).
-21
Let a(c) = -2*c - 11. What is a(-8)?
5
Let c(z) = -4*z**3 - z**2 - z - 2. Determine c(-2).
28
Let m(o) = -o**3 - 5*o**2 - o + 16. Give m(-4).
4
Let a(m) = 2*m**2 + 13*m + 12. Give a(-5).
-3
Let x(l) = l**3 - 11*l**2 + 4*l - 15. Give x(11).
29
Let u(n) = 16*n**3 + 2*n + 1. Give u(-1).
-17
Let q(l) = l**2 - 5*l + 3. What is q(6)?
9
Let x(i) = -3*i**2 + 5*i + 4. What is x(3)?
-8
Let g(n) = 7*n - 165. Determine g(25).
10
Let v(y) = -y**2 - 15*y - 65. What is v(-8)?
-9
Let v(t) = -4*t + 15. Calculate v(5).
-5
Let a(m) = m**2 + 11*m + 5. Give a(-12).
17
Let t(j) = -19*j**2 + 4*j + 10. Calculate t(-3).
-173
Let m(a) = a**3 - 15*a**2 - 18*a + 29. What is m(16)?
-3
Let m(t) = -t + 14. Calculate m(14).
0
Let a(t) = -t**3 + 5*t**2 - t - 9. Determine a(4).
3
Let m(s) = -s**3 - 9*s**2 + s - 9. Determine m(-9).
-18
Let x(t) = t**3 - 11*t**2 + 20*t - 5. Give x(9).
13
Let l(s) = 14*s**2 + 4*s. What is l(-3)?
114
Let l(v) = 211*v**2 - 3*v + 2. Determine l(1).
210
Let u(m) = 2*m**2 - 11*m + 6. Give u(4).
-6
Let x(b) = -b**3 - 9*b**2 - 6*b + 12. Determine x(-8).
-4
Let j(s) = 4*s - 7. Determine j(3).
5
Let d(g) = -g**2 + 4*g - 2. What is d(5)?
-7
Let j(l) = -2*l**3 + 28*l**2 - 4*l + 35. Give j(14).
-21
Let r(d) = d + 29. What is r(0)?
29
Let y(j) = j**3 + 15*j**2 + 15*j + 14. What is y(-14)?
0
Let g(y) = y**3 - 7*y**2 + 3*y - 16. Calculate g(7).
5
Let t(b) = 4*b**2 - 9*b - 9. What is t(5)?
46
Let k(u) = -2*u**2 + u - 3. Give k(2).
-9
Let a(r) = 2*r - 1. Give a(-5).
-11
Let o(g) = -60*g + 9. Calculate o(-2).
129
Let w(p) = 13*p + 1. Give w(3).
40
Let k(l) = l**3 + 9*l**2 - 10. Calculate k(-9).
-10
Let y(g) = 2*g**2 + 15*g - 81. Calculate y(5).
44
Let a(o) = -4*o - 8. Determine a(0).
-8
Let u(f) = -f**2 + 5*f + 28. Determine u(9).
-8
Let s(q) = 2*q**3 + 48*q**2 - 290*q. What is s(5)?
0
Let h(d) = -d**2 - 14*d - 66. Calculate h(-12).
-42
Let h(p) = -3*p**3 - 2*p**2 + 10*p - 9. Determine h(1).
-4
Let s(m) = -46*m + 102. Calculate s(2).
10
Let r(f) = -f**2 + 6*f - 5. Calculate r(7).
-12
Let l(g) = -4*g**3 + 5*g**2 + 8*g - 3. Determine l(3).
-42
Let q(f) = -f**3 - 10*f**2 + 11*f - 2. What is q(-11)?
-2
Let r(i) = -i**3 + 11*i**2 - 3*i - 91. Determine r(9).
44
Let h(w) = -29*w - 170. Give h(-6).
4
Let a(s) = s**2 - 2*s + 30. Give a(0).
30
Let r(s) = 3*s**2 - 8*s + 9. Give r(-6).
165
Let c(p) = -p**3 - 5*p**2 + 11*p + 12. Give c(-6).
-18
Let n(b) = -5*b + 73. Determine n(17).
-12
Let b(z) = -z**3 - 11*z**2 + 3. Calculate b(-11).
3
Let m(i) = -2*i**2 - 24*i + 15. Give m(-13).
-11
Let u(o) = -4*o**2 - 9*o. Calculate u(-5).
-55
Let r(c) = -c**3 - 35*c**2 + 73*c - 46. Calculate r(-37).
-9
Let n(v) = 3*v + 4. Determine n(6).
22
Let l(a) = a**2 - 6*a - 12. Determine l(7).
-5
Let w(j) = -j**2 + 79*j - 160. Give w(2).
-6
Let k(j) = -j**3 - 21*j**2 + 25*j + 24. Give k(-22).
-42
Let d(j) = 2*j - 12. Give d(3).
-6
Let i(s) = s**3 + 5*s**2 + s - 7. Determine i(-5).
-12
Let q(l) = -l**2 + 20*l - 6. Calculate q(22).
-50
Let w(s) = -20*s + 66. Determine w(3).
6
Let q(f) = -f**3 - 5*f**2 - 6*f - 1. What is q(-2)?
-1
Let l(z) = z**2 + 18*z + 2. Calculate l(-9).
-79
Let n(d) = 75*d - 2. Determine n(-1).
-77
Let g(z) = z**3 + 10*z**2 + 10*z + 10. What is g(-9)?
1
Let c(x) = 17*x + 3. What is c(4)?
71
Let o(m) = -m**3 - m**2 + 3*m - 5. What is o(0)?
-5
Let a(j) = -j - 32. What is a(5)?
-37
Let g(k) = 15*k + 1. Calculate g(-2).
-29
Let s(x) = -x**2 - 10*x - 12. Give s(-6).
12
Let u(z) = z**2 - 13*z - 39. Calculate u(19).
75
Let c(m) = 4*m - 7. Determine c(-4).
-23
Let k(z) = z**2 - 4*z - 8. Calculate k(-6).
52
Let w(s) = -2*s**3 + 5*s**2 + 12*s - 4. Give w(-2).
8
Let i(a) = -43*a + 189. Give i(4).
17
Let r(q) = -10*q**2 + 4*q + 11. What is r(-3)?
-91
Let r(m) = 25*m**3 + 3*m**2 - 2*m + 1. Give r(1).
27
Let t(a) = a**3 + 5*a**2 - 7*a - 1. Calculate t(-5).
34
Let f(n) = -n**3 - 6*n**2 + 25*n - 17. Give f(-9).
1
Let f(d) = -d**2 + 14*d - 8. Give f(5).
37
Let m(u) = -5*u + 226. Calculate m(35).
51
Let z(c) = 16*c**3 + 3*c**2 + 6*c + 3. Calculate z(-1).
-16
Let l(f) = f**2 + 11*f + 33. Determine l(-6).
3
Let x(r) = 3*r - 3. Determine x(0).
-3
Let s(m) = -6*m + 10. What is s(6)?
-26
Let q(o) = o**2 - 30*o - 52. What is q(24)?
-196
Let k(p) = -p**2 - 21*p - 71. Calculate k(-5).
9
Let c(j) = -j**3 - 6*j**2 - 12*j - 25. Determine c(-4).
-9
Let r(j) = -3*j - 43. What is r(-18)?
11
Let p(b) = b**3 + 6*b**2 - 5*b - 5. Give p(-6).
25
Let w(g) = 3*